(-36)/32). Let b(x) = -4*x - 29. Let h be b(12). Let o = h + g. Is o composite?
False
Is 415906 - -15*(11/(-33) + 0) a prime number?
True
Suppose 0 = 2*w - m - 213827, 24*m = 4*w + 19*m - 427645. Is w a composite number?
True
Let d(z) = 5*z**2 + 255*z - 21. Is d(41) a composite number?
False
Let l = 35304 - -2315. Is l a prime number?
True
Suppose 5*b = -4*j + 827891, 215*j + 3*b = 214*j + 206978. Is j composite?
True
Suppose -31 = 5*v + 89. Let n = 28 + v. Is 382/3*(n + 30/(-12)) prime?
True
Let q = -606 - -706. Suppose q*s - 113*s = -8255. Is s composite?
True
Let v(b) = -23*b**3 + 2*b**2 - 4*b + 3. Let j be v(1). Is (-77169)/(-51) - j/(-187) composite?
True
Suppose -15*n + 1231 - 4636 = 0. Let q = n + 361. Is q composite?
True
Suppose -4 = 2*t, -8*t - 13724 = -3*h - 4*t. Is 3/(3 + h/(-1527)) a prime number?
True
Let h = -31 - -43. Let s be (-5)/30 - (-158)/h. Let j = s + 114. Is j a composite number?
False
Suppose -31*p + 2*g = -32*p + 366733, 0 = -2*p + 3*g + 733522. Is p prime?
False
Let c = 290104 - 166215. Is c a composite number?
True
Let r be (-96)/(-432) - (-50)/18. Suppose 3*y - r*m = 18043 + 84986, y - 34347 = -m. Is y a prime number?
False
Let b be 42/28 - 3/(-6). Is (-17)/(b/(-116)*2) prime?
False
Suppose 78956 = 4*i + 4*l - 3*l, -2*i - 5*l = -39496. Suppose -8*d - i = -10*d - m, 2*d - 19722 = -5*m. Is d a composite number?
False
Is (-3*(-396892)/18)/((-24)/(-36)) a prime number?
True
Is (-5)/80*111764*(-24 - 4) a prime number?
False
Let p = 29298 + -16655. Is p prime?
False
Let l be ((-699)/(-2))/(3/16) - -2. Let n = 3829 - l. Suppose -3*c + 1276 = -v - n, -2182 = -2*c - 5*v. Is c composite?
True
Let i = -103 + 217. Let q = i + -112. Suppose -5*y = 5*l - 3720, -5*l - 5*y + 3722 = -q*y. Is l a composite number?
True
Let p(a) = -582*a**2 - 6*a + 22. Let u be p(3). Let x = -2493 - u. Is x prime?
True
Suppose 70 = 16*c - 10. Suppose -c*g = 3*d - 7066, 16*d + 5*g - 9423 = 12*d. Is d a prime number?
True
Let b = -260 + 261. Is 46/(-299) - ((-96748)/13 + b) composite?
True
Let w = 6023 + -2563. Suppose 0 = -2*i + 4*u + 2074, -3*i - 2*u + w - 333 = 0. Is i prime?
False
Let t(z) = 2212*z + 1105. Is t(38) composite?
True
Suppose 2*s + 6*y = 5*y + 568, 0 = 3*y - 12. Suppose 2582 - s = 4*x. Is x - (-5)/15*-6 a composite number?
True
Let s = 104 - 71. Suppose -9 = -2*l - s. Is (-26)/8 + 3 + (-1887)/l a composite number?
False
Suppose -f = -5*z + 1549468, -2*z + 578124 + 41665 = -f. Suppose r + z = 18*r. Is r a composite number?
False
Let o(g) = 434*g**2 + 115*g - 989. Is o(8) prime?
False
Let j = 510 - -252. Let u = 853 + -851. Suppose s = -u*s + j. Is s prime?
False
Suppose 0 = 2*n - 3*n + 4. Suppose 0 = 2*y + 8, 6*p = 3*p - n*y + 6839. Is p composite?
True
Is 794761/7 - 23/(-161)*-2 a composite number?
False
Let w(t) = -9*t + 222. Let m be w(25). Let k(q) = -1981*q + 16. Is k(m) composite?
True
Suppose -6*s = 11*s. Let f(z) = -41*z + 6833. Is f(s) a prime number?
True
Let h(f) = -3*f**3 - 52*f**2 - 17*f - 107. Is h(-29) a prime number?
False
Suppose -177*k + 961196 = -176*k + z, -8*k - 3*z = -7689603. Is k composite?
True
Is 51/(-27) + 2 + 13450799898/2187 composite?
False
Let f(i) = -672*i + 85067. Is f(0) a prime number?
False
Let o = 130 - -126. Suppose -250*j = -o*j + 125166. Is j a prime number?
False
Let x(l) = -3394*l + 1. Let w = 347 + -351. Is x(w) prime?
True
Let c be (-27)/6*4/(-6). Suppose 3*d + 4608 = 4*d - 5*h, c*d - 13894 = h. Is d a composite number?
True
Suppose -q - p = -121633, q = -2*p + 16027 + 105612. Is q composite?
True
Suppose 62*f = 60*f + 402646. Is f a prime number?
False
Suppose -2*y = 1832 - 35630. Suppose -44885 = -8*c + y. Is c composite?
False
Suppose z - 3 + 7 = 3*j, -2*j + 3*z + 12 = 0. Suppose f + i - 1258 = 2350, f - 3*i - 3604 = j. Is f prime?
True
Let l = -160437 - -265130. Is l a composite number?
False
Let a(f) = -83*f**3 - 12*f**2 + f + 12. Let h be a(-8). Suppose 0 = 123*i - 119*i - h. Is i a prime number?
True
Is ((-10694432)/(-784))/(2/98) + 5 composite?
False
Let l(g) = 871*g**3 - 2*g**2 + 2*g. Suppose -3*o = 2*m - 7 + 10, m + 3 = 0. Is l(o) a prime number?
False
Let z(i) = -i**3 + 166*i**2 + 33*i + 117. Is z(74) prime?
True
Suppose 48 + 9 = 19*d. Suppose -22674 = -3*u - d*h, -3*u - 4*h = -0*h - 22677. Is u composite?
True
Let a(l) = 13*l - 3. Let i(j) = -3*j. Let d(h) = -3*a(h) - 12*i(h). Let r be d(2). Suppose -z - r*m + 172 = 0, -2*z + 3*z - 182 = -m. Is z prime?
False
Suppose -m - 96622 = -3*m + 2*d, -12 = -3*d. Suppose -11*q + m = 4*q. Is q a composite number?
False
Let w = 617 + -390. Suppose 13135 + w = 6*j. Is j a prime number?
False
Let y(f) = -1923*f. Suppose 0 = -49*t + 30*t - 19. Is y(t) a prime number?
False
Let h(y) = -8*y**2 - 4*y + 1. Let l be h(-4). Let w = 114 + l. Suppose -138 + 774 = 3*j - w*t, 4*j - 853 = 3*t. Is j composite?
True
Is 9/(-66) + 491404505/3454 composite?
False
Let v = -27 - -30. Let t be 8/v + (-22)/33. Suppose -5*w = -2*a + 5*a - 14230, -t*a + 5696 = 2*w. Is w a prime number?
True
Suppose -10*i = -18*i + 21*i - 3230617. Is i a prime number?
True
Let r = -472489 - -1314440. Suppose 11*x - r = 973247. Is (-3)/5 - (x/(-30) - 7) composite?
False
Suppose 10*o + 12 = 13*o. Let m be -3 - -4 - -17*173 - o. Let x = -1229 + m. Is x prime?
True
Let l(f) = -f**3 + 10*f**2 - 21*f + 17. Suppose -2*g = 142 - 116. Is l(g) a prime number?
True
Let t(o) = 165*o**2 + 8*o + 628. Is t(21) composite?
False
Let a(t) = -63*t**2 - 15*t - 28. Let f(b) = -31*b**2 - 7*b - 13. Let m(d) = 6*a(d) - 13*f(d). Is m(-4) a composite number?
False
Let c = 29063 + -14064. Is c a prime number?
False
Let u = -31 + 38. Suppose -11461 = -u*i + 2098. Let s = 546 + i. Is s a prime number?
False
Let v be (-2)/7 + 499/7. Let k be ((-936)/260)/((-1)/105). Suppose v = -z + k. Is z prime?
True
Is (-2 + 1893472/(-21))/(2/(-3)) prime?
False
Suppose 23*t = 33*t - 141430. Is t a composite number?
False
Suppose 17*q - 26*q = -459. Suppose 0 = -44*i + q*i - 40537. Is i a prime number?
True
Let j = 4 - 4. Suppose j = 3*g - 15838 - 5369. Is g composite?
False
Suppose t = 2*t. Let p(l) = 2*l**2 - 63*l + 1174. Let n be p(31). Suppose t*u + 9*u = n. Is u a composite number?
False
Let s = 1192 + 167. Let v = -82 + s. Is v composite?
False
Let s = 3328 + 23619. Is s a composite number?
False
Let g = -194 - -209. Let s(v) = 4*v - 5. Is s(g) prime?
False
Let h be (-4 + 2)/(8/(-40)). Suppose -h*w + 122 = -598. Let l = w - 39. Is l prime?
False
Let s = 601 - 310. Suppose 0 = 4*h - 11833 - s. Is h composite?
True
Let y = -37474 + 53403. Is y composite?
True
Let g = -44 + 82. Let t = 30 - g. Is (1009/(-4))/(2/t) prime?
True
Let a = 750123 - 412010. Is a a prime number?
False
Is ((-21708)/(-1944))/(2/9852) a prime number?
False
Suppose -4*s = -3*b - 278120, 139066 = 431*s - 429*s - 3*b. Is s a prime number?
False
Suppose 4*a - 2*a + 16 = -2*d, 3*a - 8 = 5*d. Let q be ((-4)/a - -1)*(-2)/4. Is 531/6 + q + 3/(-6) composite?
True
Let z be (4 + -9)/10*-2. Let v be (456/(3 + z))/((-2)/(-58)). Suppose -7*r + r = -v. Is r composite?
True
Let m be 2/((-12280)/(-2455) + -5). Is m/1 - (-14)/((-84)/(-18)) prime?
False
Suppose -51*a + 1944216 = 39*a - 6322014. Is a composite?
True
Let k(t) = -24*t + 48. Let q be k(2). Suppose -8*j - 21219 + 160411 = q. Is j composite?
True
Let c(y) = 478*y**3 - 2*y**2 - 4*y - 4. Let l be c(-1). Let u = l + 859. Is u a composite number?
False
Let g(n) = -5*n**3 + 3*n**2 - 6*n + 12. Let c be g(-8). Let f = c - -75. Is f composite?
False
Suppose m = -3*t + 4, 2*m + 2*m - 50 = 5*t. Let y = 22 - m. Suppose -7*s = -y*s + 730. Is s a prime number?
False
Let b = 334600 + -219633. Is b composite?
False
Let h(g) = 195*g**3 + 10*g**2 - 26. Is h(9) prime?
True
Let f(j) = 33*j**3 + 7*j**2 - 4*j - 19. Suppose -17*h = -22*h + 15. Is f(h) a prime number?
False
Let g(m) = -4*m - 4. Suppose 4*w - 4*j = -15 - 13, 25 = 5*j. Let l be g(w). Suppose -l*i = i - 6085. Is i a composite number?
False
Let n(d) = -819*d**3 + 2*d**2 - 55*d - 113. Is n(-2) prime?
False
Let f(k) = 46*k**3 + 63*k**2 - 322*k + 61. Is f(38) a composite number?
False
Let q(h) = -32*h**2 + 3*h + 86. Let j be q(-13). Let v = -3704 - j. Is v composite?
False
Is -6 + (-4 - 59225856/(-54)) - 13/117 prime?
False
Let c = -39750 - -68827. Is c prime?
True
Supp